what is 220 - 103?
114
In base 14, what is 5 - -1c59?
1c60
In base 14, what is 9b5 + 4?
9b9
In base 9, what is 3 - -104?
107
In base 12, what is 615 + 11?
626
In base 3, what is -11 - 211212?
-212000
In base 7, what is 5232 + 0?
5232
In base 13, what is -252 + -6?
-258
In base 14, what is 2 + -a45?
-a43
In base 5, what is 1332 + -3?
1324
In base 6, what is -402 + -1?
-403
In base 3, what is 10 + -12120?
-12110
In base 2, what is 110101101 - 1010?
110100011
In base 16, what is ae - 67?
47
In base 6, what is -114 + 110?
-4
In base 9, what is 3 + -57?
-54
In base 5, what is 4 - -1312?
1321
In base 12, what is 3 - -3b5?
3b8
In base 13, what is 5 - 541?
-539
In base 8, what is -22 - 2372?
-2414
In base 15, what is -5 - -22?
1c
In base 12, what is -42 + 25?
-19
In base 2, what is 0 + -1001001100?
-1001001100
In base 13, what is 3682 + -5?
367a
In base 12, what is 1687 - -4?
168b
In base 12, what is -7 - 323?
-32a
In base 8, what is -35 - 3?
-40
In base 10, what is -3 - 1529?
-1532
In base 7, what is -103 - -2?
-101
In base 11, what is -12 - 42?
-54
In base 6, what is 5 + -342?
-333
In base 13, what is 3 - 111?
-10b
In base 4, what is -13 + 21?
2
In base 4, what is 10 + -23?
-13
In base 11, what is 29 + 370?
399
In base 14, what is -459 - 3?
-45c
In base 2, what is -1011011 - 101?
-1100000
In base 5, what is 1 + 144233?
144234
In base 7, what is 40254 + 0?
40254
In base 3, what is 111212012 + -2?
111212010
In base 16, what is 2 - 169d?
-169b
In base 3, what is 20011 - -100?
20111
In base 2, what is 10 + -11101000111?
-11101000101
In base 11, what is -1a0 + -7?
-1a7
In base 12, what is -4 + 76?
72
In base 11, what is -101 + -37?
-138
In base 7, what is 3 + 6100?
6103
In base 6, what is -213 + -4?
-221
In base 7, what is -2 + -25?
-30
In base 14, what is 4 + 7a1?
7a5
In base 2, what is -100 - -101111?
101011
In base 11, what is -5 - -287?
282
In base 14, what is 112 + -11?
101
In base 10, what is 767 - 4?
763
In base 13, what is -14 - -13?
-1
In base 5, what is -4 - 240?
-244
In base 13, what is 5 + 812?
817
In base 4, what is -102 - 21?
-123
In base 4, what is -111 + 3?
-102
In base 9, what is -50 + 10?
-40
In base 15, what is -5 + 20?
1a
In base 10, what is 5 - 5043?
-5038
In base 4, what is -3 - 2030?
-2033
In base 6, what is 34 - 14?
20
In base 9, what is -3 - 352?
-355
In base 14, what is -17 - -4?
-13
In base 16, what is -69 - -5?
-64
In base 14, what is 123 + 0?
123
In base 13, what is -3 - 3a72?
-3a75
In base 14, what is -129 - -3?
-126
In base 3, what is 12211222 + 0?
12211222
In base 14, what is 0 - 3?
-3
In base 5, what is 1014 - -2?
1021
In base 3, what is 100 + 10102211?
10110011
In base 7, what is 2 - 46?
-44
In base 11, what is -3 - -9?
6
In base 14, what is -13 + a6?
93
In base 11, what is 59 + -24?
35
In base 4, what is -3 + -230?
-233
In base 5, what is 1 + 31?
32
In base 16, what is a9f + 1?
aa0
In base 4, what is 0 + 303?
303
In base 11, what is -5403 - 1?
-5404
In base 13, what is 3 + 1b?
21
In base 9, what is 7503 + -4?
7488
In base 2, what is 1101111 + 11?
1110010
In base 7, what is 3 + 1110?
1113
In base 9, what is 0 + 147?
147
In base 9, what is -2150 + 3?
-2146
In base 5, what is -224 + -2?
-231
In base 6, what is 4 - 30100?
-30052
In base 11, what is 28 - -564?
591
In base 8, what is 126 - -1?
127
In base 7, what is -263 - 20?
-313
In base 16, what is -5 - e?
-13
In base 11, what is 6 + -355?
-34a
In base 8, what is -172 - -13?
-157
In base 4, what is -3 + -10113?
-10122
In base 6, what is -1 + 43343?
43342
In base 11, what is -20 + 6?
-15
In base 4, what is 10321 - 0?
10321
In base 12, what is 2 - -aaa?
ab0
In base 10, what is 35069 + 5?
35074
In base 11, what is 1 - -8a?
90
In base 4, what is -3 - -32?
23
In base 7, what is 11611 + 2?
11613
In base 8, what is 4335 + 1?
4336
In base 6, what is -1130 - -2?
-1124
In base 15, what is -d3 - 0?
-d3
In base 12, what is -32 + -17?
-49
In base 10, what is -144 + -1?
-145
In base 6, what is -24 - -25?
1
In base 8, what is -1146 - 10?
-1156
In base 10, what is 46 + 3?
49
In base 4, what is -232223 - 0?
-232223
In base 10, what is -5 - 51?
-56
In base 12, what is 208 + 11?
219
In base 4, what is -11 - 133101?
-133112
In base 12, what is 3 + ab?
b2
In base 3, what is -1022 + -1?
-1100
In base 12, what is 146 + 5?
14b
In base 11, what is -617 - 8?
-624
In base 14, what is 1 - -392?
393
In base 4, what is -11 + -10033?
-10110
In base 14, what is 4 - 600?
-5da
In base 5, what is 10 + -344?
-334
In base 8, what is -5 + -2077?
-2104
In base 6, what is 204314 - 0?
204314
In base 13, what is b - 63?
-55
In base 3, what is -2122021 - 10?
-2122101
In base 9, what is -3 - -230?
226
In base 11, what is 12 - 1?
11
In base 16, what is 4 + 3f?
43
In base 10, what is 3 + -25?
-22
In base 14, what is 1a6a - -3?
1a6d
In base 14, what is 3a6 + 4?
3aa
In base 10, what is -182 + -5?
-187
In base 14, what is 182 - -2?
184
In base 3, what is 1 + -1210121?
-1210120
In base 14, what is -1072 + 5?
-106b
In base 9, what is 18 - 0?
18
In base 5, what is 34 + -3144?
-3110
In base 8, what is 52636 - -4?
52642
In base 8, what is -441 - 10?
-451
In base 15, what is 44 - -7?
4b
In base 11, what is -1736 - 1?
-1737
In base 7, what is 24100 + 0?
24100
In base 8, what is 12 + -12?
0
In base 7, what is 5 - 150?
-142
In base 13, what is 31 - b?
23
In base 4, what is 11 - 1002?
-331
In base 15, what is -2645 - 4?
-2649
In base 3, what is 2201 + -11?
2120
In base 13, what is 44 - -b1?
125
In base 4, what is 2 - -101?
103
In base 16, what is -12 - -1?
-11
In base 11, what is 0 + 184?
184
In base 7, what is 13 + 254?
300
In base 15, what is -86 + 1?
-85
In base 11, what is -4632 + 3?
-462a
In base 6, what is 15 + -10?
5
In base 10, what is 5 + 2809?
2814
In base 7, what is 2 - 13?
-11
In base 5, what is 102 - -204?
311
In base 3, what is 1 - -122222?
200000
In base 7, what is 4 + -1310?
-1303
In base 11, what is 4 - -3a3a?
3a43
In base 8, what is -1 - 440?
-441
In base 4, what is 2 - -1021120?
1021122
In base 13, what is 5 - 3b?
-36
In base 12, what is -2 - 1?
-3
In base 11, what is -5 + 61?
57
In base 11, what is 1 - 166?
-165
In base 16, what is 5 - -1d?
22
In base 12, what is -351 - -1?
-350
In base 3, what is 1021 - -11?
1102
In base 14, what is 40 - -2?
42
In base 15, what is 5 + -144?
-13e
In base 10, what is 8 - 103?
-95
In base 3, what is -20121 - 11?
-20202
In base 16, what is d9 - -1?
da
In base 11, what is 11 + 442?
453
In base 12, what is -578 - 0?
-578
In base 9, what is -3 - -125?
122
In base 7, what is 0 + -23?
-23
In base 15, what is -1 - -1c5?
1c4
In base 10, what is -3260 - -5?
-3255
In base 13, what is a + -21?
-14
In base 12, what is -2 + 4634?
4632
In base 4, what is 10100 - -10?
10110
In base 6, what is -4251 + -1?
-4252
In base 16, what is -7 + 7a?
73
In base 7, what is 255 - 34?
221
In base 2, what is 10 - 1000001?
-111111
In base 10, what is 59 - 22?
37
In base 11, what is 5 - 161a?
-1615
In base 16, what is -11 - -17?
6
In base 10, what is -1848 - 6?
-1854
In base 13, what is -2 - 18?
-1a
In base 12, what is 13 + 5?
18
In base 6, what is -1141 - 1?
-1142
In base 7, what is -523 + 0?
-523
In base 2, what is 1010 + 11100011000?
11100100010
In base 7, what is 20 - -31?
51
In base 9, what is -448 - 3?
-452
In base 9, what is -2434 - -3?
-2431
In base 12, what is -4 - -2482?
247a
In base 16, what is -69a - -1?
-699
In base 4, what is 0 + -3003?
-3003
In base 8, what is 1 - -4362?
4363
In base 11, what is -1 - 193?
-194
In base 16, what is -3 + 1c6?
1c3
In base 5, what is -1 + 1242?
1241
In base 14, what is -2a0c - -5?
-2a07
In base 2, what is 10000 + -11?
1101
In base 8, what is -4 + -33?
-37
In base 3, what is 1 - 2100?
-2022
In base 14, what is 17 + 13d?
156
In base 16, what is -1ea + 14?
-1d6
In base 16, what is -88 + 33?
-55
In base 15, what is -3 - -ac?
a9
In base 3, what is -20210 - -12?
-20121
In base 15, what is -182c - 0?
-182c
In base 8, what is 12102 - -4?
12106
In base 12, what is -7 + 2?
-5
In base 9, what is 27 - 22?
5
In base 15, what is 25 + -19?
b
In base 8, what is 4 + -111?
-105
In base 16, what is 4 + -25?
-21
In base 9, what is 62 + 4?
66
In base 15, what is 15e - -40?
19e
In base 4, what is 102020 - 3?
102011
In base 10, what is -113 + 0?
-113
In base 15, what is 2 + -216?
-214
I